{"id":98,"date":"2022-01-21T12:51:57","date_gmt":"2022-01-21T12:51:57","guid":{"rendered":"https:\/\/aleastockholm.se\/?page_id=98"},"modified":"2022-01-21T12:51:57","modified_gmt":"2022-01-21T12:51:57","slug":"referensjobb-2","status":"publish","type":"page","link":"https:\/\/aleastockholm.se\/?page_id=98","title":{"rendered":"Referensjobb"},"content":{"rendered":"<ul class=\"wp-block-latest-posts__list is-grid columns-2 wp-block-latest-posts\"><li><div class=\"wp-block-latest-posts__featured-image aligncenter\"><img width=\"284\" height=\"177\" src=\"https:\/\/aleastockholm.se\/wp-content\/uploads\/2022\/01\/Page-2-Image-10.jpg\" class=\"attachment-medium size-medium wp-post-image\" alt=\"\" decoding=\"async\" loading=\"lazy\" style=\"max-width:300px;max-height:300px;\" \/><\/div><a class=\"wp-block-latest-posts__post-title\" href=\"https:\/\/aleastockholm.se\/?p=92\">Blommensbergsskolan<\/a><div class=\"wp-block-latest-posts__post-excerpt\">Ombyggnad Blommensbergsskolan<\/div><\/li>\n<li><div class=\"wp-block-latest-posts__featured-image aligncenter\"><img width=\"300\" height=\"225\" src=\"https:\/\/aleastockholm.se\/wp-content\/uploads\/2022\/01\/Page-2-Image-9-300x225.jpg\" class=\"attachment-medium size-medium wp-post-image\" alt=\"\" decoding=\"async\" loading=\"lazy\" style=\"max-width:300px;max-height:300px;\" srcset=\"https:\/\/aleastockholm.se\/wp-content\/uploads\/2022\/01\/Page-2-Image-9-300x225.jpg 300w, https:\/\/aleastockholm.se\/wp-content\/uploads\/2022\/01\/Page-2-Image-9.jpg 640w\" sizes=\"(max-width: 300px) 100vw, 300px\" \/><\/div><a class=\"wp-block-latest-posts__post-title\" href=\"https:\/\/aleastockholm.se\/?p=90\">Medicinaren 19<\/a><div class=\"wp-block-latest-posts__post-excerpt\">Medicinaren 19 Ombyggnad kontor, Novum plan 6\u00a0\u00a0<\/div><\/li>\n<li><div class=\"wp-block-latest-posts__featured-image aligncenter\"><img width=\"300\" height=\"247\" src=\"https:\/\/aleastockholm.se\/wp-content\/uploads\/2022\/01\/Page-2-Image-8-300x247.jpg\" class=\"attachment-medium size-medium wp-post-image\" alt=\"\" decoding=\"async\" loading=\"lazy\" style=\"max-width:300px;max-height:300px;\" srcset=\"https:\/\/aleastockholm.se\/wp-content\/uploads\/2022\/01\/Page-2-Image-8-300x247.jpg 300w, https:\/\/aleastockholm.se\/wp-content\/uploads\/2022\/01\/Page-2-Image-8.jpg 518w\" sizes=\"(max-width: 300px) 100vw, 300px\" \/><\/div><a class=\"wp-block-latest-posts__post-title\" href=\"https:\/\/aleastockholm.se\/?p=88\">H\u00e4sselby Villastad<\/a><div class=\"wp-block-latest-posts__post-excerpt\">Ombyggnad H\u00e4sselby Villastads skola<\/div><\/li>\n<li><div class=\"wp-block-latest-posts__featured-image aligncenter\"><img width=\"300\" height=\"239\" src=\"https:\/\/aleastockholm.se\/wp-content\/uploads\/2022\/01\/Page-2-Image-7-300x239.jpg\" class=\"attachment-medium size-medium wp-post-image\" alt=\"\" decoding=\"async\" loading=\"lazy\" style=\"max-width:300px;max-height:300px;\" srcset=\"https:\/\/aleastockholm.se\/wp-content\/uploads\/2022\/01\/Page-2-Image-7-300x239.jpg 300w, https:\/\/aleastockholm.se\/wp-content\/uploads\/2022\/01\/Page-2-Image-7.jpg 534w\" sizes=\"(max-width: 300px) 100vw, 300px\" \/><\/div><a class=\"wp-block-latest-posts__post-title\" href=\"https:\/\/aleastockholm.se\/?p=86\">G\u00f6rv\u00e4lns G\u00e5rd<\/a><div class=\"wp-block-latest-posts__post-excerpt\">G\u00f6rv\u00e4lns G\u00e5rd Ombyggnad av enbostadshus till hotell\u00a0<\/div><\/li>\n<li><div class=\"wp-block-latest-posts__featured-image aligncenter\"><img width=\"300\" height=\"231\" src=\"https:\/\/aleastockholm.se\/wp-content\/uploads\/2022\/01\/Page-1-Image-6-300x231.jpg\" class=\"attachment-medium size-medium wp-post-image\" alt=\"\" decoding=\"async\" loading=\"lazy\" style=\"max-width:300px;max-height:300px;\" srcset=\"https:\/\/aleastockholm.se\/wp-content\/uploads\/2022\/01\/Page-1-Image-6-300x231.jpg 300w, https:\/\/aleastockholm.se\/wp-content\/uploads\/2022\/01\/Page-1-Image-6.jpg 536w\" sizes=\"(max-width: 300px) 100vw, 300px\" \/><\/div><a class=\"wp-block-latest-posts__post-title\" href=\"https:\/\/aleastockholm.se\/?p=84\">Karolinska institutet<\/a><div class=\"wp-block-latest-posts__post-excerpt\">Friskv\u00e5rdscentrum Karolinska institutet<\/div><\/li>\n<li><div class=\"wp-block-latest-posts__featured-image aligncenter\"><img width=\"300\" height=\"231\" src=\"https:\/\/aleastockholm.se\/wp-content\/uploads\/2022\/01\/Page-1-Image-5-300x231.jpg\" class=\"attachment-medium size-medium wp-post-image\" alt=\"\" decoding=\"async\" loading=\"lazy\" style=\"max-width:300px;max-height:300px;\" srcset=\"https:\/\/aleastockholm.se\/wp-content\/uploads\/2022\/01\/Page-1-Image-5-300x231.jpg 300w, https:\/\/aleastockholm.se\/wp-content\/uploads\/2022\/01\/Page-1-Image-5.jpg 536w\" sizes=\"(max-width: 300px) 100vw, 300px\" \/><\/div><a class=\"wp-block-latest-posts__post-title\" href=\"https:\/\/aleastockholm.se\/?p=82\">Ceremonilokal Haninge<\/a><div class=\"wp-block-latest-posts__post-excerpt\">Ombyggnad Ceremonilokal Haninge\u00a0\u00a0\u00a0\u00a0\u00a0\u00a0\u00a0<\/div><\/li>\n<li><div class=\"wp-block-latest-posts__featured-image aligncenter\"><img width=\"284\" height=\"177\" src=\"https:\/\/aleastockholm.se\/wp-content\/uploads\/2022\/01\/Page-2-Image-10.jpg\" class=\"attachment-medium size-medium wp-post-image\" alt=\"\" decoding=\"async\" loading=\"lazy\" style=\"max-width:300px;max-height:300px;\" \/><\/div><a class=\"wp-block-latest-posts__post-title\" href=\"https:\/\/aleastockholm.se\/?p=73\">Norra Begravningsplatsen<\/a><div class=\"wp-block-latest-posts__post-excerpt\">Norra Begravningsplatsen Nybyggnad Hus 3<\/div><\/li>\n<li><div class=\"wp-block-latest-posts__featured-image aligncenter\"><img width=\"300\" height=\"223\" src=\"https:\/\/aleastockholm.se\/wp-content\/uploads\/2022\/01\/Vasamuseet-300x223.jpg\" class=\"attachment-medium size-medium wp-post-image\" alt=\"\" decoding=\"async\" loading=\"lazy\" style=\"max-width:300px;max-height:300px;\" srcset=\"https:\/\/aleastockholm.se\/wp-content\/uploads\/2022\/01\/Vasamuseet-300x223.jpg 300w, https:\/\/aleastockholm.se\/wp-content\/uploads\/2022\/01\/Vasamuseet.jpg 536w\" sizes=\"(max-width: 300px) 100vw, 300px\" \/><\/div><a class=\"wp-block-latest-posts__post-title\" href=\"https:\/\/aleastockholm.se\/?p=43\">Vasamuseet<\/a><div class=\"wp-block-latest-posts__post-excerpt\">Ombyggnad och tillbyggnad Vasamuseet Nybyggnad Hus 3<\/div><\/li>\n<li><div class=\"wp-block-latest-posts__featured-image aligncenter\"><img width=\"300\" height=\"169\" src=\"https:\/\/aleastockholm.se\/wp-content\/uploads\/2022\/01\/skalbygard.jpg\" class=\"attachment-medium size-medium wp-post-image\" alt=\"\" decoding=\"async\" loading=\"lazy\" style=\"max-width:300px;max-height:300px;\" \/><\/div><a class=\"wp-block-latest-posts__post-title\" href=\"https:\/\/aleastockholm.se\/?p=39\">Sk\u00e4lby g\u00e5rd<\/a><div class=\"wp-block-latest-posts__post-excerpt\">Nybyggnad Sk\u00e4lby g\u00e5rd<\/div><\/li>\n<li><div class=\"wp-block-latest-posts__featured-image aligncenter\"><img width=\"300\" height=\"220\" src=\"https:\/\/aleastockholm.se\/wp-content\/uploads\/2022\/01\/Ombygg-Luma-hus-a-b-300x220.jpg\" class=\"attachment-medium size-medium wp-post-image\" alt=\"\" decoding=\"async\" loading=\"lazy\" style=\"max-width:300px;max-height:300px;\" srcset=\"https:\/\/aleastockholm.se\/wp-content\/uploads\/2022\/01\/Ombygg-Luma-hus-a-b-300x220.jpg 300w, https:\/\/aleastockholm.se\/wp-content\/uploads\/2022\/01\/Ombygg-Luma-hus-a-b-768x563.jpg 768w, https:\/\/aleastockholm.se\/wp-content\/uploads\/2022\/01\/Ombygg-Luma-hus-a-b.jpg 833w\" sizes=\"(max-width: 300px) 100vw, 300px\" \/><\/div><a class=\"wp-block-latest-posts__post-title\" href=\"https:\/\/aleastockholm.se\/?p=24\">Luma Hus A &#038; B<\/a><div class=\"wp-block-latest-posts__post-excerpt\">Ombyggnad Luma Hus A och B ekonomibyggnad<\/div><\/li>\n<\/ul>","protected":false},"excerpt":{"rendered":"","protected":false},"author":1,"featured_media":0,"parent":0,"menu_order":0,"comment_status":"closed","ping_status":"closed","template":"","meta":[],"_links":{"self":[{"href":"https:\/\/aleastockholm.se\/index.php?rest_route=\/wp\/v2\/pages\/98"}],"collection":[{"href":"https:\/\/aleastockholm.se\/index.php?rest_route=\/wp\/v2\/pages"}],"about":[{"href":"https:\/\/aleastockholm.se\/index.php?rest_route=\/wp\/v2\/types\/page"}],"author":[{"embeddable":true,"href":"https:\/\/aleastockholm.se\/index.php?rest_route=\/wp\/v2\/users\/1"}],"replies":[{"embeddable":true,"href":"https:\/\/aleastockholm.se\/index.php?rest_route=%2Fwp%2Fv2%2Fcomments&post=98"}],"version-history":[{"count":1,"href":"https:\/\/aleastockholm.se\/index.php?rest_route=\/wp\/v2\/pages\/98\/revisions"}],"predecessor-version":[{"id":99,"href":"https:\/\/aleastockholm.se\/index.php?rest_route=\/wp\/v2\/pages\/98\/revisions\/99"}],"wp:attachment":[{"href":"https:\/\/aleastockholm.se\/index.php?rest_route=%2Fwp%2Fv2%2Fmedia&parent=98"}],"curies":[{"name":"wp","href":"https:\/\/api.w.org\/{rel}","templated":true}]}}